nvert 1023033120032 (base 4) to base 11.
10151859
Convert 3126b9 (base 12) to base 9.
1405506
Convert -19b883 (base 12) to base 7.
-3605421
What is -100100000101000100 (base 2) in base 11?
-a1036
What is 307718 (base 9) in base 12?
89982
-12366001 (base 7) to base 11
-6a9859
Convert -571772 (base 14) to base 10.
-2962248
Convert -5968b2 (base 12) to base 13.
-3b671a
Convert 1343216 (base 7) to base 15.
37eae
Convert -e10e3 (base 16) to base 13.
-26377a
What is 110010020211112 (base 3) in base 14?
bd95c7
What is 100001100110101110111 (base 2) in base 16?
10cd77
-c8b275 (base 16) to base 6
-1145524553
What is -ab28a (base 16) in base 4?
-2223022022
What is 1014212130 (base 5) in base 11?
12054a3
Convert -314048 (base 10) to base 15.
-630b8
What is -2620043 (base 9) in base 3?
-2200200001110
What is 1025140 (base 9) in base 8?
2056745
32424433 (base 5) to base 10
279993
What is 11201333203 (base 5) in base 11?
7086a48
-50b57 (base 13) to base 16
-23560
7664980 (base 10) to base 3
112102102101011
Convert -9575b (base 14) to base 9.
-610068
Convert -4ace7 (base 15) to base 12.
-b64a7
-252186 (base 10) to base 13
-8aa2c
11111010101010011 (base 2) to base 13
46553
What is -25199d (base 15) in base 5?
-423334143
Convert -2848640 (base 9) to base 5.
-400132442
Convert -653746 (base 8) to base 16.
-357e6
Convert -176652 (base 14) to base 13.
-22b351
18674be (base 15) to base 9
36430788
-2527116 (base 8) to base 11
-4389a8
What is -36142350 (base 7) in base 12?
-10a6076
What is 1443064 (base 8) in base 4?
1210120310
Convert 10bb7 (base 12) to base 10.
22459
Convert -5136 (base 14) to base 7.
-55466
What is 3321203310 (base 4) in base 6?
33524220
-45630 (base 12) to base 14
-259c0
Convert -91a8a (base 13) to base 2.
-111111101110111010
-35230374 (base 8) to base 4
-131103003330
What is 105223 (base 8) in base 12?
18643
What is 2325324 (base 8) in base 15?
c7ac1
16656200 (base 8) to base 4
32311302000
3022735 (base 8) to base 7
6524031
What is 12200112000 (base 3) in base 2?
11011010100101011
Convert -1101100111100001000 (base 2) to base 3.
-211200002112
Convert -122110112320 (base 4) to base 3.
-110222111211021
7827580 (base 9) to base 2
10000000100000111101101
Convert -12edb (base 16) to base 7.
-442016
10010102131 (base 4) to base 13
2b436b
What is -42a71 (base 13) in base 6?
-2325300
What is 25675132 (base 9) in base 13?
280158b
Convert 113174 (base 12) to base 6.
5521024
d02c (base 15) to base 2
1010101110001101
4103040 (base 7) to base 14
ca020
-5980369 (base 10) to base 7
-101555323
1854254 (base 14) to base 12
40450aa
-36552104 (base 7) to base 5
-1314221202
Convert 24ab0cc (base 13) to base 4.
223223012133
What is -13f56 (base 16) in base 11?
-56469
What is -14532745 (base 10) in base 3?
-1000100100011211
What is -1132123020 (base 4) in base 3?
-201122112110
2dada2 (base 14) to base 4
12013321002
Convert 24534540 (base 6) to base 11.
49a874
Convert 22a663 (base 11) to base 8.
1311661
What is 2dada7 (base 15) in base 6?
115240351
Convert -101202120201211 (base 3) to base 14.
-a8c548
-34d1d (base 14) to base 7
-1044336
bb6631 (base 12) to base 5
1230222032
Convert -5d2e (base 16) to base 6.
-302234
What is -45260 (base 12) in base 15?
-1c399
Convert -320378 (base 12) to base 2.
-11000000100000001100
What is 10101001000100101001111 (base 2) in base 16?
54894f
What is 1520153 (base 6) in base 5?
10310242
What is 1512406 (base 8) in base 11?
275101
Convert 1001022010210 (base 3) to base 12.
22a456
What is 3131a4 (base 13) in base 8?
4304626
Convert 220024101 (base 5) to base 3.
1202201110000
-286136 (base 10) to base 9
-475448
Convert 66d3b (base 14) to base 12.
100509
-1571666 (base 9) to base 15
-123de3
Convert -390247 (base 11) to base 6.
-21104115
What is 6d02ee (base 15) in base 16?
4f9349
What is 427354 (base 10) in base 7?
3426634
211332202 (base 4) to base 3
21220101021
What is -111000212200 (base 3) in base 8?
-765006
What is 3850488 (base 9) in base 3?
10221200112222
Convert -2e66d (base 15) to base 3.
-21121200211
-726cc (base 16) to base 6
-14013500
-919a85 (base 12) to base 7
-25233260
2710395 (base 14) to base 10
18862975
What is 222b7 (base 16) in base 4?
202022313
Convert 2312452 (base 6) to base 12.
58728
-40525126 (base 7) to base 9
-6328051
Convert 62274 (base 10) to base 4.
33031002
188081 (base 12) to base 7
3433453
Convert 382a3 (base 13) to base 3.
12021021212
2673e (base 15) to base 7
1021664
What is 23210022022 (base 4) in base 10?
3031690
-132430344 (base 6) to base 2
-1010000110011100111000
What is -11220201002 (base 3) in base 8?
-274747
What is -11b5fe (base 16) in base 5?
-244120302
What is -1767347 (base 8) in base 12?
-210a5b
What is -1053673 (base 9) in base 5?
-121120420
What is 33213122232 (base 4) in base 10?
4093614
-7614948 (base 10) to base 13
-17680b3
Convert 30725 (base 11) to base 15.
d417
52661 (base 8) to base 9
33074
21022221 (base 4) to base 13
14121
Convert 10113014 (base 5) to base 3.
11011211122
What is 5c684 (base 14) in base 6?
4503404
What is -10011110100011 (base 2) in base 7?
-41404
What is -ab202d (base 14) in base 2?
-10110001001100100001001
Convert -21440014 (base 6) to base 8.
-2347412
Convert 31286 (base 13) to base 10.
88328
-26216134 (base 7) to base 11
-1393542
Convert 104625 (base 9) to base 14.
18aa6
Convert -131254 (base 7) to base 14.
-8cd4
-254232021 (base 6) to base 11
-289165a
What is -12111231 (base 5) in base 14?
-2d420
48643 (base 16) to base 9
501661
Convert -338405 (base 10) to base 6.
-11130405
Convert -13305233 (base 6) to base 14.
-b7d53
What is 123107 (base 14) in base 8?
2300763
-1743726 (base 10) to base 15
-2469d6
What is -27123a4 (base 11) in base 7?
-54564252
What is 131436352 (base 7) in base 16?
80a0b8
Convert -2040112 (base 5) to base 7.
-200330
Convert 120c37 (base 15) to base 6.
30301041
-74163 (base 8) to base 16
-7873
Convert -1231233 (base 7) to base 2.
-100110110011010011
Convert -103552300 (base 6) to base 4.
-13013130030
-12232122013 (base 4) to base 14
-33c691
What is 2147673 (base 8) in base 9?
1070120
Convert 3134045 (base 6) to base 10.
152525
3534304 (base 8) to base 3
1211000110111
Convert 12362423 (base 7) to base 8.
4224327
What is -50415022 (base 6) in base 11?
-899846
What is 3214443022 (base 5) in base 13?
153c7a3
What is 63449 (base 10) in base 6?
1205425
What is -221010020002 (base 3) in base 13?
-14407a
What is 110000111000011111011010 (base 2) in base 6?
1134353242
What is 155ebc (base 15) in base 2?
11111100000111111110
Convert -86b361 (base 13) to base 10.
-3166463
What is -221202213 (base 4) in base 10?
-170151
-18124 (base 9) to base 8
-30320
1205453 (base 7) to base 4
211121330
-2df28 (base 16) to base 10
-188200
What is -23130302132 (base 4) in base 9?
-5574252
-15602066 (base 7) to base 12
-60b958
Convert 47b05 (base 12) to base 3.
11220112212
Convert -6620 (base 15) to base 12.
-10626
Convert 3850661 (base 9) to base 13.
586b52
What is 1000212000112 (base 3) in base 13?
1626bc
What is -1b0a4d (base 14) in base 10?
-962429
Convert 50dce (base 16) to base 6.
11033222
Convert 18810 (base 15) to base 4.
103121100
2722 (base 11) to base 6
24205
-6e4b59 (base 15) to base 5
-2322443214
What is 113006 (base 9) in base 3?
10110000020
What is -233422665 (base 7) in base 5?
-12143114420
-450540 (base 9) to base 11
-174488
1022002120000 (base 3) to base 12
293900
Convert -41d22 (base 14) to base 9.
-262071
Convert 93ba0b (base 12) to base 14.
4463a3
Convert -675787 (base 9) to base 11.
-256a09
What is -1c21a2 (base 13) in base 12?
-2a7b14
5545442 (base 7) to base 13
1ac33c
What is -386070 (base 16) in base 15?
-4cead9
What is -1001010000001011101111 (base 2) in base 9?
-4506242
502737 (base 11) to base 3
1112002110201
Convert -140201441 (base 5) to base 10.
-709621
What is 58339b (base 12) in base 9?
2587072
200220212021 (base 3) to base 5
43404133
Convert -1102010220111 (base 3) to base 16.
-b74d2
What is -123212213003 (base 4) in base 2?
-11011100110100111000011
Convert -1749c (base 15) to base 9.
-124253
-832985 (base 11) to base 15
-1b5d85
Convert -850ed (base 16) to base 15.
-ab73a
What is 213e86 (base 15) in base 4?
12002122320
Convert -88b1a (base 12) to base 8.
-542106
53717374 (base 8) to base 9
23582053
160036505 (base 7) to base 4
22